?
True
Is (-37260)/(-42) + 2/(-14) a composite number?
False
Let j(y) = 5*y**2 + y - 2*y**2 + y**2 - 2*y**2 + 1. Let m be j(-1). Suppose -4*x + 188 = 2*t, m*t + 44 = x + t. Is x a prime number?
False
Is 476 - ((3 - 2)*2 + -5) a composite number?
False
Let j = 1064 - -165. Is j composite?
False
Let b be 9/6 - (-2)/(-4). Let l be b*(-6)/(3 + 0). Is (-6)/(4/3 + l) a composite number?
True
Let n = -1414 + 2205. Is n prime?
False
Suppose p + 2 = 5*q, -5*p + 34 = -5*q + 2*q. Is ((-2)/6)/(p/(-2328)) composite?
False
Suppose 3*h + 8220 = 8*h. Suppose 3*c + 405 = h. Is c prime?
False
Suppose -697 - 192 = -h. Is h composite?
True
Suppose 3*r = -4*a - 1117, 4*a + a + 1440 = 5*r. Let u(g) = 3*g**2 + 21*g - 22. Let q be u(9). Let t = a + q. Is t composite?
False
Let p be (-741)/(-21) + (-2)/7. Suppose 2*x - p = 19. Suppose -185 = -4*u + x. Is u a composite number?
False
Let i = -1007 - -1566. Is i a prime number?
False
Let c = 26 - -101. Is c a prime number?
True
Suppose 4*q - 3*k + 7*k = 5464, -3*q + 5*k = -4058. Is q prime?
True
Let m be 1/(-3) - (-15057)/(-27). Let c = m + 825. Is c a composite number?
True
Let c(d) = 59*d + 2. Let i be c(3). Suppose -i = -4*w + 9. Is w composite?
False
Suppose k + 723 = -2*z + 3382, z + 7956 = 3*k. Is k composite?
True
Let x = 146 + -39. Let m = 5 + x. Let j = m - 63. Is j a prime number?
False
Let k(p) = p**3 + 3. Let b = 5 - -1. Is k(b) a composite number?
True
Let n = 972 - 175. Is n a composite number?
False
Suppose 3*u = -u + 20. Let r(k) = 4 - u + 4 - 22*k. Is r(-4) composite?
True
Suppose 4*c = -3*p + 479, -6*c + 4*p + 591 = -c. Is c composite?
True
Let b = -17 - -17. Suppose 0 = l - t - 298, l + 2*t = -b*t + 289. Is l a prime number?
False
Let d = 530 - -531. Is d a composite number?
False
Let i = 200 + -136. Suppose -i = -g - 7. Let b = g + -22. Is b composite?
True
Is 2*-46*-6 + 1 prime?
False
Let q be (-40)/30*783/(-2). Let p = q + -373. Is p prime?
True
Suppose 3 + 0 = j. Let v be 40/j*(-66)/(-4). Is v/15 + 4/(-6) a prime number?
False
Suppose 0*t - 2*w + 1 = -t, 0 = -5*t - 4*w + 23. Suppose t*g + 7 = -2*y, 0 = -4*g - 8 + 28. Let j = 22 + y. Is j a prime number?
True
Let n be (-2)/6 + (-625)/15. Let f = n - -97. Is f prime?
False
Let h(p) = -8*p + 10. Let l(k) = 9*k - 11. Let x(r) = 6*h(r) + 5*l(r). Suppose -2*j + 2*d = 4, -3*j + 2*d + 0*d = 10. Is x(j) prime?
True
Is (-2817)/(-27) - (-4)/(-3) a composite number?
False
Let q = 0 + 3. Suppose 3*j = 9 - q. Let p = 4 - j. Is p a composite number?
False
Suppose 2*a + 2252 = -2*a + 4*u, 3*a + 5*u + 1705 = 0. Let f = a - -798. Is f prime?
True
Suppose m + 4 = 3*m. Suppose 2*i - 15 = -y - i, y - 15 = m*i. Is y prime?
False
Let u(w) = 2*w**2 - 5*w + 6. Let g be u(-8). Suppose -4*t + 62 = -g. Is t a composite number?
False
Let k(p) be the third derivative of p**5/60 - p**4/4 - p**3/6 - 3*p**2. Is k(10) prime?
False
Let p = 254 - 21. Is p prime?
True
Suppose 0 = f + 3*f - 188. Is f a composite number?
False
Let b(u) = 24*u**2 - 9*u + 13. Is b(8) composite?
True
Suppose -4 - 6 = -5*t. Let p be ((-34)/5)/(t/(-10)). Let r = -19 + p. Is r prime?
False
Let t(b) = -b**3 + b**2 - 11. Let f be t(0). Let n be f/(-5) + (-1)/5. Is n/4 + (-41)/(-2) prime?
False
Let l(p) = p**3 - 8*p**2 + 7*p + 3. Let c be l(7). Let v be c/6 - (-12)/8. Suppose v*x - 148 = -2*x. Is x a prime number?
True
Let z(r) = -r - 2. Let h be z(2). Is 1/((8/(-110))/h) composite?
True
Suppose -848 = -4*p - 3*t + 203, 2*p = 3*t + 503. Is p prime?
False
Suppose t + 0*t = 0. Suppose s + 4*s - 605 = t. Is s composite?
True
Let a = -306 - -433. Is a a composite number?
False
Let d be 0 + 24 - (4 - 2). Suppose -3*v = -0*v + n + d, -2*n - 26 = 3*v. Is (-81)/v - (-1)/(-2) a prime number?
True
Suppose -6 + 32 = g. Is g a composite number?
True
Let l = 14 + -12. Is (-1)/l + (-179)/(-2) composite?
False
Suppose -4*b - 4 = -6*i + i, 5*b - 4*i = -14. Let o = b + 42. Suppose -5*m + 29 = -o. Is m composite?
False
Suppose -5*q - 112 = -2502. Let a = 145 + q. Is a a composite number?
True
Suppose -5*t + 7919 = 2*c + c, -5*c = 10. Is t a prime number?
False
Let b be (6/(-4))/((-1)/4). Let r(z) = z + z + 5 + 5*z + 3*z. Is r(b) composite?
True
Let d = 224 - -48. Suppose s + 2*l = 4*s - d, s = l + 90. Let m = 145 - s. Is m prime?
True
Suppose 184 + 166 = 5*c. Suppose i - c = -11. Is i a composite number?
False
Let j(d) = 3*d**3 - 13*d**2 - 12*d + 9. Let g be j(10). Suppose 0 = -2*r - 5*b + 1027, -4*r + g = -5*b - 510. Is r a composite number?
False
Let i(b) = 2*b. Let s be i(-1). Let t(o) = 35*o**2 - 1. Let a be t(1). Is a*2/(-4)*s composite?
True
Suppose -2*j + 3*i - 11 = 0, -j - 13 = -5*i + 10. Let d be 2 - (-1 + 2/j). Suppose -6*o = -d*o - 508. Is o a composite number?
False
Suppose 4*i = -2*r - 16, 0 = i + i - 4*r - 2. Let d be i*1/(-1)*1. Suppose -5*p + 115 = -2*g, g = d*p - 2*g - 60. Is p a prime number?
False
Let b = -6 - -15. Let n = b + -6. Is 83 - (-4 + -2)/n composite?
True
Let g be 1/(-4) - 1386/(-8). Let i = 1 - 1. Suppose j - g = -5*h, -4*h = -i*h + j - 138. Is h a prime number?
False
Is 24 - -466 - (-1 - -4) a prime number?
True
Let f(t) = -4*t**3 - 4*t**2 + 2*t - 9. Is f(-5) a prime number?
False
Let q(u) = -4*u**2 + 8*u + 1 + 0 - u**3 + 1. Suppose 0 = 3*i + 3*v + 5 + 13, -3*i - 4*v - 18 = 0. Is q(i) composite?
True
Suppose -3*q + 5*p = 2*q - 1000, -2*q + 415 = p. Is q prime?
False
Let k(o) = -2*o - 7. Let y be k(-5). Let j = y - 0. Is j*(0 + 1 + 0) prime?
True
Suppose -285 - 95 = 4*y. Let a = y - -216. Is a a prime number?
False
Let i(a) = 49*a + 2. Let x be i(6). Suppose 0*v - x = -4*v. Is v prime?
False
Let y be 1/3 + 2/(-6). Let d(t) = -t**3 + t**2 + t + 75. Let u be d(y). Suppose -v + u = 4*v. Is v prime?
False
Suppose -w - 22 = -4*w - 4*u, -3*u + 22 = 5*w. Let a(q) = q**2 - 4*q - 5 + q + w. Is a(-3) a composite number?
True
Let t(d) = d - 1. Let r be t(5). Suppose -6*m = -r*m - 2252. Is m/10 - (-4)/10 a composite number?
False
Suppose -3*r = -3*x - 1 - 2, 3*r = -2*x + 18. Suppose u = -r - 0, 0 = -4*t - 3*u + 724. Suppose 5*k - t = -3*p, 19 + 19 = k + p. Is k composite?
True
Let l(m) = -m**2 - 14*m + 13. Suppose 3 = -j + 3*v - 1, -j - 4*v = 18. Is l(j) composite?
False
Let o = 9 - 4. Let h(l) = -3*l**2 - 1. Let s be h(o). Is 3/(-5) + s/(-10) a composite number?
False
Let l be (-844)/(-14) + (-2)/7. Let c = l + -10. Let d = -4 + c. Is d prime?
False
Is 48/168 - ((-3463)/7 - -2) a prime number?
False
Let l = 23 - 20. Suppose 0 = -4*a + 5*m + 451, -l*a = 2*a - 3*m - 580. Is a composite?
True
Let m(x) = 10 - 8*x**2 - x**3 - 5*x + 2*x**2 - 3. Suppose 9 = -2*v - 1. Is m(v) a prime number?
True
Suppose 2*g = 4*m - g + 607, -2*m + 3*g - 299 = 0. Let p = m + 219. Is p a composite number?
True
Let g(y) be the second derivative of -10*y**3/3 - y**2/2 + 3*y. Is g(-3) a composite number?
False
Let f be -1 + 3 - (1 + 1). Suppose -2*t + 2*y = f, 0 = 4*t + 3*y - 0*y - 14. Suppose -t*k = k - 45. Is k a prime number?
False
Suppose -2222 = -4*w + 5*c - 257, -2*w = 4*c - 1002. Let u be 20/(-50) + (-34)/(-10). Suppose w = 3*q - 0*q + u*t, 0 = -4*q - 3*t + 658. Is q composite?
False
Is 7*(2 - 4)/(4/(-106)) a prime number?
False
Let q = -10 - -8. Let z = -4 + q. Is (-945)/z + 1/(-2) composite?
False
Let z = 6849 + -4334. Is z a prime number?
False
Suppose 0 = -5*u + 3*u + 28. Suppose i = 3*c - u, -4*i + 6 = 2*c - 8*i. Suppose -2*q + 228 = c*h, 4 - 2 = -2*q. Is h a composite number?
True
Let h(j) = -5*j - 210. Let q(i) = -i. Let a(o) = -h(o) + 6*q(o). Let n be a(0). Suppose k = -2*r + 94, 3*r - n + 59 = k. Is r a composite number?
True
Let y = 3 - 1. Is (-121)/y*(10 - 12) a composite number?
True
Let o be (0 + 30)/(1/2). Suppose z - 5*z + o = 0. Is z a composite number?
True
Let y(o) = 103*o**2 - 2*o - 1. Is y(-6) prime?
True
Is (-5)/(-1 - (-30)/33) a composite number?
True
Let d(v) = -v - 2. Let k be d(2). Let q = k - -7. Suppose 15 - 3 = q*t. Is t prime?
False
Let w be -207*(-1 - 0/2). Let l = w - 128. Is l composite?
False
Let o = 302 + 1389. Is o a composite number?
True
Suppose -4057 + 631 = -6*j. Is j prime?
True
Suppose x - 175 = -52. Is x a composite number?
True
Let t = -8 + 11. Let s(g) = 7*g - 3. Let c be s(t). Suppose 4*i + c = 58. Is i a composite number?
True
Is (-3)/(12/(-2216)) + -1 a composite number?
True
Let 